 thousands digit of v?
1
Let a = -14 - -112. Suppose -19*g + a = -18*g. What is the units digit of g?
8
Let t be 1 + 0 + 5/((-25)/(-465)). Suppose 0 = -t*u + 89*u + 815. What is the units digit of u?
3
What is the units digit of -4 + 0 - (-31238 - -7)?
7
Let c be (0 + 1/2)/(9/90). Suppose -s = 0, c*s + 6 - 2 = d. What is the units digit of (-4 - d)*(-86)/8?
6
Let w(r) = -39*r + 34. Let d be w(-6). Let t = -568 + d. What is the tens digit of t/(-24) + (0 - 2)/(-4)?
1
Suppose -2*j + 187 + 73 = 0. Let q = -4 + -11. Let y = q + j. What is the tens digit of y?
1
Suppose m = j + 9, -3*m + 23 = -0*m - 4*j. Suppose -2*f = -3 + m, -4*o = -4*f - 324. What is the units digit of o?
6
Let n be -5 + (-1 - 273) + 5. Let y = n + 909. What is the tens digit of y?
3
Let i(a) = -18*a**3 - 3*a**2 - a + 60. What is the units digit of i(-9)?
8
Suppose x - 2*t = 6*x - 571, 4*t = -3*x + 337. Let r = 235 - x. What is the units digit of r?
0
Let t = -1369 + 5911. What is the tens digit of t?
4
What is the thousands digit of -2*166545/(-54) + (-4)/(-6)?
6
Let w = -575 + 567. Let u(l) = -139*l - 129. What is the tens digit of u(w)?
8
Suppose -2*b - 4379 + 9868 + 10753 = 0. What is the hundreds digit of b?
1
Let u = 1329 - 316. Suppose -4*f - 5*h + u = -f, 5 = 5*h. What is the hundreds digit of f?
3
Suppose 5*o - 885885 = -17*o - 43*o. What is the ten thousands digit of o?
1
Let j(q) = 3*q**2 - 1. Let x be j(3). Suppose 107*l = 94*l + 156. Let b = x + l. What is the tens digit of b?
3
Let k = -44 + 48. Suppose -k*h = 3*a - 227, -3*h + 3*a + 144 = -0*h. Suppose -5*v = -3*s - h + 790, s - v = 245. What is the hundreds digit of s?
2
Let r be 40/(-6)*6441/(-38). Suppose 2580 = 7*q - r. What is the tens digit of q?
3
Let x = -666 - -671. Suppose -9859 = -x*g - r, 9*g + 3*r + 9843 = 14*g. What is the units digit of g?
1
Let b = -1581 - -2559. What is the hundreds digit of b?
9
Suppose 0 = 5*z - 5*w - 45, -2*w - 26 = -z - 3*z. Let f(h) = -2*h + 6 - z - h. What is the tens digit of f(-4)?
1
Let l = -776 + 782. What is the tens digit of (-22)/(-11)*1203/l?
0
Let t = -77537 + 130913. What is the units digit of t?
6
Let y(j) = 6*j**3 - 12*j**2 + 6*j + 2980. What is the hundreds digit of y(0)?
9
Suppose 2327*o + 245098 = 2376*o. What is the tens digit of o?
0
Let u(t) = 3*t**2 - 7*t - 88. What is the hundreds digit of u(-35)?
8
Let f = 732 - 1948. Let m = -684 - f. What is the tens digit of m?
3
Let n = 4555 - -678. What is the units digit of n?
3
Let l(v) = 29 + 18 - 47*v + 60*v + 17. What is the tens digit of l(15)?
5
Let r = 1107 - 358. Suppose 6*d = 115 + r. What is the units digit of d?
4
What is the hundreds digit of ((-552)/228)/(-23) + (-586756)/(-19)?
8
Let n be 2*9*(-38)/(-3)*-4. Let h = n + 1774. Suppose 5*j - 1056 = x, -5*j + 5*x + 198 = -h. What is the units digit of j?
1
Let m be 1*3 - (-3)/((-12)/(-4)). Suppose 3*o = 4*d + 3373, 1133 = o - d + m*d. What is the tens digit of o?
2
Let m = 41590 + -20548. What is the ten thousands digit of m?
2
Suppose -9*f = -7*f. Let t = -219 - -567. Suppose 6*s + f*s = t. What is the tens digit of s?
5
Let f be (-4)/6*6/(-4) + -52. Let z = f - -51. Suppose -5*u - 42 + 157 = z. What is the tens digit of u?
2
Suppose 0 = 4*y - 17*y + 7839. Suppose 6*j - 5*p - y = 4*j, -607 = -2*j + p. What is the tens digit of j?
0
Suppose 12 = -0*u - 4*u. Let v be (444/(-18))/(2/u). Suppose 0 = 4*t + c - v - 20, 2*t + c - 31 = 0. What is the tens digit of t?
1
Let y(a) = -171*a**3 + 16*a**2 + 82*a + 37. What is the ten thousands digit of y(-4)?
1
Let h(l) = -84*l**2 + 962*l - 11. What is the units digit of h(8)?
9
Suppose -16*g + 9190 = -15*g - 3*d, -27600 = -3*g - d. What is the thousands digit of g?
9
Let i(l) be the first derivative of 11*l**2 - 89*l - 60. What is the tens digit of i(8)?
8
Let n = -11737 - -12410. What is the tens digit of n?
7
Suppose 341600 = 89*c - 205*c + 1077852. What is the tens digit of c?
4
Suppose -6*l + 81784 = 2*k - 285216, 0 = -5*l - k + 305830. What is the thousands digit of l?
1
Suppose -3*r - 60 = -9*r. Suppose -9*t - 52 = -r*t. Suppose 56*v - 496 = t*v. What is the tens digit of v?
2
Let d be 19/(114/(-12))*(3 - -2). Suppose 15 + 9 = -3*t. What is the tens digit of (t/(-10)*17)/((-2)/d)?
6
Let v be (-2 - -1) + 3 + 1/1. Suppose u + v*u = -60. Let g(d) = d**3 + 16*d**2 + 7*d - 22. What is the tens digit of g(u)?
9
Let n = 13861 - -5097. What is the units digit of n?
8
Let p(n) = 16*n**2 + 32*n + 13. Let q be p(-10). Suppose 3*j - 3*x = q, 13*x + 1273 = 3*j + 15*x. What is the tens digit of j?
2
Suppose 2*a + 5*h + 3 = 2, 2*a - 7 = 3*h. Let g(m) = -m**2 - 2 + 5*m + 6*m**2 + 1 + 2*m**a. What is the tens digit of g(4)?
3
Let h be (2 - -1) + -9 + 1. Let y(a) = -a**3 - 4*a**2 - 5*a - 3. Let x be y(h). Let p = 29 + x. What is the units digit of p?
6
Let l be 1364/(-12)*(-19 - -13). What is the units digit of l/19 - 7 - (-6)/57?
9
Suppose 4*r - 4*t = 3*r + 10002, 3*r - 30118 = -2*t. What is the hundreds digit of r?
0
Let p be (1*3)/(39/26). Let u be p - (-1)/(3/(-21)). What is the units digit of -1 - u - (24 - 98)?
8
Suppose -54668 = -12*g + 16372. What is the units digit of g?
0
Suppose 40*m + 625 = 45*m - 4*l, 141 = m - 4*l. Suppose -104*f - 22066 = -m*f. What is the hundreds digit of f?
2
Let q(w) = 6*w - 17. Suppose -3*o = -3*f + 30, 0*f - 4*f + 13 = 5*o. Let n(b) = 9*b - 26. Let a(x) = f*q(x) - 5*n(x). What is the tens digit of a(-8)?
3
Suppose 6*j - 511 + 85 = 0. Suppose 0 = -j*l + 74*l - 864. What is the tens digit of l?
8
Suppose -3*g - 1299 = x - 24111, -x - 22812 = -3*g. What is the thousands digit of g?
7
Let r = 4576 - 3413. What is the tens digit of r?
6
Let k = -42 - -60. Suppose -4*t - n + k = 0, -n = 2*t + 4*n. Suppose 4*j = t*z + 356, -2*z + 102 = -j + 2*j. What is the units digit of j?
4
Let x(r) = -r**3 - 64*r**2 + 177*r + 504. What is the units digit of x(-68)?
4
Let k(a) = -4*a**2 + 13*a + 64. Let i be k(19). Let f = -321 - i. What is the units digit of f?
2
Suppose 0 = 2*m, 1043 = -4*y + 5*m + 7187. Suppose 2*n + y = 5*s, -2*s - 3*n = -0*n - 622. What is the hundreds digit of s?
3
Suppose 109*d + 37312 = 474511. What is the hundreds digit of d?
0
Let o = -1950 - -4662. Suppose -545*s + o = -539*s. What is the tens digit of s?
5
Let d be (-8)/(3/(-4)*(-2)/(-3)). Suppose d*v = 23*v - 35. Suppose -h - 5*w - 5 = -106, v*w - 227 = -2*h. What is the tens digit of h?
2
Suppose -13*q + 502496 = -773. What is the ten thousands digit of q?
3
Let f(x) = -2*x**2 - 17*x + 12. Let c be f(-9). Suppose -4*o + 2*o - j + 128 = 0, o + 3*j - 59 = 0. Let i = c + o. What is the tens digit of i?
6
Let a = -8 - -14. Let v(x) = 3*x**2 + 15*x + 6. Let f(i) = -2*i**2 - 10*i - 3. Let l(q) = -8*f(q) - 5*v(q). What is the tens digit of l(a)?
6
Suppose 16*m = -7*m + 69. What is the tens digit of 1394/m + (-136)/204?
6
Let m = -642 - -1089. Let c = m + -220. What is the hundreds digit of c?
2
Let z(y) be the second derivative of -118*y**3/3 - 7*y**2/2 + 14*y + 1. What is the tens digit of z(-2)?
6
Let m = -69 + 77. Suppose 3*a = 4*s - 4449, -m*a - 5564 = -5*s - 7*a. What is the hundreds digit of s?
1
Let b(w) = 73*w**2 - 34*w**2 - 41*w**2 - 6 - 30*w. Let j be b(-12). What is the tens digit of (j - 2) + (-1 - -2) + 2?
6
Suppose -2*y + 5 + 5 = 0. Suppose -l - l = 8, -y*l = -q + 21. Suppose -u = g + q, 2*g - 13 = 2*u - 31. What is the units digit of u?
4
What is the units digit of 508/(-3)*9*(-10059)/252?
3
What is the thousands digit of 3 + 7 + -10 - -28522?
8
Let m(w) = 3*w**3 - 14*w**2 - 39*w - 14. Let f be m(-7). Let t = -1001 - f. What is the units digit of t?
5
Let g = -34262 - -103351. What is the ten thousands digit of g?
6
Suppose -54*p + 255753 + 26617 = p. What is the units digit of p?
4
Let n = 531 - 535. What is the units digit of (-826)/n + (-105)/(-30)?
0
Suppose -11*z = 6082 + 441. Let a = z - -1121. What is the tens digit of a?
2
Let a be (-74865)/(-279) - (-1 + (-1)/(-3)). Suppose 0 = -8*u - 93 + a. What is the units digit of u?
2
Suppose 0 = -5*d - 2*o - 102 - 168, 3*o = -15. Let l = d + 40. What is the units digit of 4085/20 + 3/l?
4
Let a be (5/((-75)/(-12)))/((-78)/(-195)). Suppose 0 = 3*b - 5*s - 1093, -5*b + a*b + 1097 = -s. What is the tens digit of b?
6
Let b(n) = n**3 + 31*n**2 + 29*n + 14. Let o be -26 - (2